 -d**2 + 2*d + 35. Let l be j(-6). Let s be c(l). Suppose -q = -2*q + 4*v + 162, 5*q - v = s. What are the prime factors of q?
2, 71
Let p(d) = -15*d + 25. Let v(g) = -g**3 - 5*g**2 + 10*g + 11. Suppose 8*w = -2*w - 60. Let s be v(w). What are the prime factors of p(s)?
2, 5, 11
Suppose j = -4*l + 99822, -3*l - 2*j + 0*j + 74869 = 0. Suppose 20*u + 11*u - l = 0. List the prime factors of u.
5, 7, 23
Let v(d) = 0*d**2 + 9*d - d**3 + 0*d**2 - 1 + 6*d**2 + 4*d**2. Let t(z) = -z**2 - 54*z - 94. Let j be t(-52). List the prime factors of v(j).
89
Let f(b) = 60*b**2 + b - 18. Let w be f(3). Let p = 601 - w. List the prime factors of p.
2, 19
Let v(d) = -2947*d**3 - 7*d**2 + d + 14. What are the prime factors of v(-2)?
2, 5, 19, 31
Let h be (-1962)/(-30) + (-4)/10. Suppose 73*x = h*x + 6768. What are the prime factors of x?
2, 3, 47
Suppose 0 = 105*w + 76*w - 2824324. List the prime factors of w.
2, 47, 83
Suppose 0 = z - 5*i - 13011, -14*i + 10*i = -16. What are the prime factors of z?
83, 157
Let a be 2/((-3 - 2)*(-3)/(-15)). Let i(t) = 13*t**2 + 5*t - 19. Let c(s) = 4*s**2 + 2*s - 6. Let u(o) = a*i(o) + 7*c(o). List the prime factors of u(-3).
2
Let k(r) = -2*r**3 + 19*r**2 + 11*r - 9. Let d be k(10). Suppose -a - d = 0, v = -v - 2*a - 38. List the prime factors of -15*(2 + -6 - (-186)/v).
5, 43
Suppose -4*q - 4 = -0, 0 = 5*h + 5*q - 10. Let u be 2 - h/(-2)*30/(-9). List the prime factors of 2/u + 802/6.
7, 19
Let a = -2174 + 5380. What are the prime factors of a?
2, 7, 229
Let p(u) = 505*u**3 - 4*u**2 - 10*u - 2. Let v be p(-2). List the prime factors of (-4*v/24)/1.
673
Let w(k) = k**3 + 14*k**2 - 8*k - 2. Let c be w(-14). Let s be (c/(-6))/((22/42)/(-11)). List the prime factors of (12/7)/(5/s).
2, 3, 11
Let a = -1446 - -9889. List the prime factors of a.
8443
Let c(v) = -v**2 - 16*v - 35. Let n be c(-15). Let m be 1556/n - 12/(-15). Let i = -9 - m. List the prime factors of i.
2, 17
Let l be (-9212)/(-12) + 1/3. Suppose 4*n + 913 - 3970 = -3*t, -n - 2*t + l = 0. List the prime factors of n.
2, 3, 127
Suppose -5*l - 287 - 28 = 0. Suppose -186*v + 1152 = -18936. Let p = l + v. List the prime factors of p.
3, 5
Let a(c) = -9*c + 6 + 21 + 18*c - 10*c. Let m = 32 - 17. List the prime factors of a(m).
2, 3
Let u = 32769 - 16589. List the prime factors of u.
2, 5, 809
Suppose 75*s - 4*s - 367780 = 0. What are the prime factors of s?
2, 5, 7, 37
Let c = -14634 + 51020. What are the prime factors of c?
2, 7, 23, 113
Suppose 41*u - 917215 = -96*u. What are the prime factors of u?
5, 13, 103
Let r = -241 - -326. Suppose 0*a = 2*a - 68. Suppose 0 = -h + r + a. List the prime factors of h.
7, 17
Let a(u) = 3*u**3 + 4*u**2 - 6*u + 7. Let b(d) = -4*d**3 - 3*d**2 + 7*d - 5. Let l(w) = 2*a(w) + 3*b(w). What are the prime factors of l(-3)?
5
Let b(q) be the third derivative of 1/60*q**5 + 4/3*q**3 + 0 + q**2 + 0*q + 1/6*q**4. What are the prime factors of b(6)?
2, 17
Suppose -3*m = -4*u + 13565, -3*u + 12*m = 8*m - 10165. What are the prime factors of u?
5, 7, 97
Let j be ((-9)/6)/(-3)*344. Suppose -321 = -o + g, -119 = -o - 5*g + j. What are the prime factors of o?
2, 79
Let a be 6 + -1 - (0 - -1). Suppose -a*c = -3*w - 955, 4*c - w + 6*w - 979 = 0. List the prime factors of c.
241
Let a be -4 - (4/(-1) + 3). Let n be -2 - (a - -3) - 9/3. Let l(i) = -10*i + 21. List the prime factors of l(n).
71
Let a = 588 - 1316. Let n = -489 - a. Suppose -5*v - 689 = -2*s - n, 0 = 2*s - v - 434. List the prime factors of s.
5, 43
Let k(o) = -39 - o**3 + 3*o**2 + 41 + 4*o - o - 4*o**3. Let u = -19 + 17. What are the prime factors of k(u)?
2, 3
Let i = -522 - -3444. List the prime factors of i.
2, 3, 487
Let j(i) = -2*i**3 - 11*i**2 - 17*i + 8. Let m be j(-12). Suppose -982 + 3398 = 4*p. Suppose 5*r - m + p = -5*y, -r = -y - 286. List the prime factors of r.
3, 97
Let a be ((-8)/(-5))/(99/105 + -1). Let v = a + 76. What are the prime factors of 564/10 - v/120?
2, 7
Suppose 287122 = 43*f - 196671. List the prime factors of f.
11251
Let j(q) = 36*q**3 - 22*q**2 + 2*q + 36. What are the prime factors of j(5)?
2, 3, 37
Let s = 42 - 35. Suppose -s*f + 2*f = -45. List the prime factors of (-159)/(-2) + (-2)/(-12)*f.
3
Let h = 10909 - -7154. What are the prime factors of h?
3, 223
Suppose -204 = -g - 5*x + 182, 3*x - 15 = 0. Let m = g - -56. What are the prime factors of m?
3, 139
Let g be 5274/(-10) + (-16)/10 + 2. What are the prime factors of (3/(-3) - g) + 2 + 2?
2, 5, 53
What are the prime factors of (484143/27 - 2) + (-1)/((-99)/(-22))?
17929
Suppose 12*q - 103571 - 25081 = 0. What are the prime factors of q?
71, 151
Let v be (50/75)/(1 + (-2)/3). Suppose 0 = v*u - u + 1. What are the prime factors of -1 - -111 - (-4)/u?
2, 53
Suppose -t = -4*y + 867, 2*y + 231 = 3*y - 5*t. Suppose 0 = -2*o - 2*a + 70 + 142, -y = -2*o - a. What are the prime factors of o?
2, 5, 11
Let u = 10 + 148. Suppose -2*l + 0*l + k = -15, 5*l - 4*k = 45. Suppose -t - 3*t = 2*v - u, 5*v = -l*t + 410. List the prime factors of v.
5, 17
Let d = -38 - -51. Let r(h) = h + 5*h - 7*h - d + 32. List the prime factors of r(5).
2, 7
Let m(c) = -12 + 24 + 3*c + 8. Suppose 2*y - 28 = -4*i, -y - 5 = -1. List the prime factors of m(i).
47
Let b = 105 + -102. Suppose -j = -5*y + 2*j + 601, 0 = -3*y - b*j + 351. List the prime factors of y.
7, 17
Suppose -6*q = 4*q - 18320. Suppose 5*k - 748 = q. List the prime factors of k.
2, 3, 43
Let v = 37745 + 11107. What are the prime factors of v?
2, 3, 23, 59
Suppose -5*w + 3743 = 3*p, -4*w = 4*p + 876 - 3872. Let a = -526 + w. List the prime factors of a.
2, 3, 37
Suppose 4*f = -5*z + 79185, -5*f + 74*z = 75*z - 98955. List the prime factors of f.
2, 5, 1979
Let t be (1 - 5 - -2)/(-1). What are the prime factors of 3 - (0*t/4)/4?
3
Suppose 5*k - 3*r - 2969 = k, -2*r = -3*k + 2226. List the prime factors of k/12 + (-10)/12*2.
2, 3, 5
Let m = 149 - 103. Let s = -664 - -652. Let a = m + s. What are the prime factors of a?
2, 17
Suppose -5*g + 2826 = 2*c, -1272 = -4*c - g + 4380. Suppose t + 3*y - 337 = 0, 3*t - c = -t + y. List the prime factors of t.
2, 11
Suppose -602 = -2*c + 3*c + 4*t, 5*c = 4*t - 3106. Let s = -477 - c. List the prime factors of s.
3, 47
Suppose 274*b = 269*b + 3*p + 15354, -5*b + 2*p = -15351. What are the prime factors of b?
3, 11, 31
Let b = 1222 + 2320. Suppose -12243 = -11*x - b. List the prime factors of x.
7, 113
Let n(q) = 244*q + 1477. List the prime factors of n(21).
7, 23, 41
Let h(u) = -116*u - 61. Let x be h(-5). Suppose 514*k = x*k - 2420. List the prime factors of k.
2, 11
Let s = 64 - 116. Let m = s + 58. Let p(a) = -a**3 + 8*a**2 - 7*a. What are the prime factors of p(m)?
2, 3, 5
Suppose 0 = -9*l + 1444 + 509. Suppose 5*g - 2143 = -2*a + l, 0 = -3*g + 4*a + 1442. List the prime factors of g.
2, 3, 79
Suppose -4*z - 659 - 396 = -5*a, 3*a + 4*z = 633. What are the prime factors of a?
211
Let r be 177/(-9) - 14/(-21). Let w = 24 + r. Suppose -5*t - y + w*y = -507, y = -3. What are the prime factors of t?
3, 11
Suppose -4*h + 5*x = -7488 - 38573, 0 = -4*h - x + 46031. What are the prime factors of h?
17, 677
Let z(w) = 38*w**2 - 89*w + 566. List the prime factors of z(7).
5, 19
Suppose 3*k = -13 + 22. Suppose -2*x - 3*x - k*g = -6260, 0 = -5*x - 2*g + 6260. What are the prime factors of x?
2, 313
Let x(n) = n + 34. Let z be x(-11). Suppose -27*a + 8 = -z*a. Suppose a*g = -b + 74, -124 = -3*b - 3*g + 107. What are the prime factors of b?
2, 5
Suppose -2*w - 18 = -4*y - w, 0 = 4*w - 8. Suppose y*d - 1430 = 10*d. Let p = -122 - d. List the prime factors of p.
2, 41
Let o be 4/3*21/(-14) + 146. Let c = 50 - o. What are the prime factors of -4 + 1 + 4 - c?
5, 19
Let n(s) = -4*s**2 + 17*s - 18. Let h be n(-9). Let a = h + 1828. What are the prime factors of a?
31, 43
Suppose -4*x = -2*x + 5*g - 33, 5*g = 2*x + 17. Suppose 0 = -4*y + 2*m + m + 682, x*y - 680 = 4*m. List the prime factors of y.
2, 43
Suppose 2*w + 0*w + 11*w = 0. Suppose w*s - 1710 = -2*s. What are the prime factors of s?
3, 5, 19
Let h(y) = -y. Let z(a) = -32*a + 96. Let m(n) = 3*h(n) - z(n). List the prime factors of m(24).
2, 3, 5
Suppose 20 = -5*u, 31*u - 26510 = -k + 30*u. List the prime factors of k.
2, 3, 491
Let m(o) = 11*o - 39*o + 12*o + 17*o - 2 - 11*o**3 + 2*o**2. Let i